{"id":31,"date":"2025-03-05T16:18:53","date_gmt":"2025-03-05T16:18:53","guid":{"rendered":"https:\/\/comprarlsdmonterrey.com\/?page_id=31"},"modified":"2025-03-05T16:18:53","modified_gmt":"2025-03-05T16:18:53","slug":"metatags1","status":"publish","type":"page","link":"https:\/\/comprarlsdmonterrey.com\/index.php\/metatags1\/","title":{"rendered":"metatags1"},"content":{"rendered":"<div id=\"primary\" class=\"content-area\">\n<div id=\"content\" role=\"main\">\n<article id=\"post-379\" class=\"post-379 page type-page status-publish hentry\">\n<div class=\"entry-content\">\n<p>San Pedro Garza Garc\u00eda marihuana, marihuana San Pedro Garza Garc\u00eda, cannabis San Pedro Garza Garc\u00eda, productos de marihuana San Pedro, comprar marihuana San Pedro Garza Garc\u00eda, aceite de CBD San Pedro, flores de marihuana San Pedro Garza Garc\u00eda, tiendas de marihuana San Pedro, venta de marihuana San Pedro, cannabis medicinal San Pedro Garza Garc\u00eda, productos de cannabis San Pedro, dispensarios de marihuana San Pedro, marihuana medicinal San Pedro, aceite de cannabis San Pedro, tiendas de cannabis San Pedro Garza Garc\u00eda, compra de marihuana en San Pedro, productos de c\u00e1\u00f1amo San Pedro Garza Garc\u00eda, marihuana recreativa San Pedro, aceite de CBD para dolor San Pedro, distribuci\u00f3n de marihuana San Pedro, marihuana en San Pedro Garza Garc\u00eda, productos de marihuana medicinal San Pedro, tiendas de CBD San Pedro, cannabis en San Pedro, venta de productos de cannabis San Pedro, marihuana para dolor San Pedro Garza Garc\u00eda, productos de marihuana para ansiedad San Pedro, aceite de c\u00e1\u00f1amo San Pedro, venta de cannabis San Pedro, tiendas de productos de cannabis San Pedro Garza Garc\u00eda, aceite de CBD en San Pedro, marihuana para insomnio San Pedro, compra de cannabis San Pedro, productos de marihuana para estr\u00e9s San Pedro Garza Garc\u00eda, marihuana legal San Pedro, tiendas de aceite de CBD San Pedro, productos de cannabis para relajaci\u00f3n San Pedro, aceite de CBD para estr\u00e9s San Pedro, venta de marihuana recreativa San Pedro, productos de cannabis para dolor San Pedro, marihuana para bienestar San Pedro, tiendas de marihuana en San Pedro, aceite de cannabis para el dolor San Pedro, compra de marihuana medicinal San Pedro Garza Garc\u00eda, productos de marihuana para salud San Pedro, aceite de CBD para ansiedad San Pedro, venta de aceite de CBD San Pedro, cannabis medicinal en San Pedro, marihuana online San Pedro, productos de marihuana en San Pedro Garza Garc\u00eda, aceite de c\u00e1\u00f1amo en San Pedro, venta de flores de marihuana San Pedro, marihuana recreativa en San Pedro, tiendas de cannabis en San Pedro, productos de CBD San Pedro, aceite de CBD para el sue\u00f1o San Pedro, compra de marihuana online San Pedro, productos de cannabis medicinal San Pedro, aceite de cannabis San Pedro Garza Garc\u00eda, marihuana en San Pedro, tiendas de productos de cannabis San Pedro, venta de productos de marihuana San Pedro Garza Garc\u00eda, cannabis para estr\u00e9s San Pedro, marihuana en San Pedro Nuevo Le\u00f3n, tiendas de marihuana San Pedro Garza Garc\u00eda, productos de marihuana recreativa San Pedro, aceites de cannabis San Pedro, aceite de CBD San Pedro Garza Garc\u00eda, venta de marihuana medicinal San Pedro, productos de marihuana para insomnio San Pedro, tiendas de CBD en San Pedro, marihuana medicinal en San Pedro Garza Garc\u00eda, aceite de cannabis para salud San Pedro, productos de cannabis en San Pedro Garza Garc\u00eda, venta de marihuana en San Pedro Garza Garc\u00eda, productos de marihuana en San Pedro, cannabis recreativo San Pedro Garza Garc\u00eda, aceites de CBD en San Pedro, tiendas de marihuana en San Pedro Garza Garc\u00eda, venta de cannabis en San Pedro, marihuana medicinal en San Pedro, productos de cannabis San Pedro Nuevo Le\u00f3n, aceite de CBD para bienestar San Pedro, marihuana para relajaci\u00f3n San Pedro Garza Garc\u00eda, productos de cannabis para ansiedad San Pedro, venta de marihuana en San Pedro, aceites de marihuana San Pedro, productos de c\u00e1\u00f1amo en San Pedro Garza Garc\u00eda, tienda de CBD en San Pedro, marihuana para el dolor San Pedro Garza Garc\u00eda, aceite de CBD para el sue\u00f1o San Pedro, productos de marihuana para estr\u00e9s San Pedro, compra de aceite de CBD San Pedro, productos de cannabis recreativa San Pedro, marihuana medicinal en San Pedro, tiendas de marihuana en San Pedro, aceites de cannabis Monterrey, marihuana para ansiedad en San Pedro, productos de marihuana para salud San Pedro, venta de cannabis medicinal en San Pedro, productos de CBD en San Pedro Garza Garc\u00eda, tiendas de cannabis en San Pedro Garza Garc\u00eda, marihuana en San Pedro Nuevo Le\u00f3n, aceite de c\u00e1\u00f1amo para el sue\u00f1o San Pedro, compra de marihuana en San Pedro, productos de marihuana para relajaci\u00f3n San Pedro, venta de productos de marihuana en San Pedro, cannabis en San Pedro Garza Garc\u00eda, tiendas de CBD San Pedro Garza Garc\u00eda, aceites de CBD San Pedro, marihuana recreativa en San Pedro Garza Garc\u00eda, venta de aceite de CBD en San Pedro, productos de cannabis para bienestar San Pedro, aceites de marihuana en San Pedro Garza Garc\u00eda, marihuana medicinal San Pedro, productos de marihuana medicinal en San Pedro, tiendas de marihuana San Pedro Garza Garc\u00eda, aceite de CBD para salud San Pedro, cannabis medicinal en San Pedro, productos de marihuana en San Pedro Garza Garc\u00eda, venta de marihuana para dolor San Pedro, productos de cannabis para el sue\u00f1o San Pedro, marihuana en San Pedro Garza Garc\u00eda, aceite de cannabis en San Pedro, productos de marihuana recreativa en San Pedro, tiendas de marihuana en San Pedro Nuevo Le\u00f3n, compra de cannabis en San Pedro, aceite de CBD en San Pedro Garza Garc\u00eda, productos de marihuana para ansiedad San Pedro, venta de cannabis recreativo San Pedro, marihuana para bienestar en San Pedro, aceites de cannabis en San Pedro Garza Garc\u00eda, productos de marihuana en San Pedro Nuevo Le\u00f3n, venta de marihuana en San Pedro, aceite de CBD San Pedro, tiendas de marihuana San Pedro, productos de cannabis para salud San Pedro, marihuana en San Pedro, productos de CBD San Pedro, venta de aceite de cannabis San Pedro, cannabis en San Pedro.<\/p>\n<\/div>\n<footer class=\"entry-meta\"><\/footer>\n<\/article>\n<div id=\"comments\"><\/div>\n<\/div>\n<\/div>\n","protected":false},"excerpt":{"rendered":"<p>San Pedro Garza Garc\u00eda marihuana, marihuana San Pedro Garza Garc\u00eda, cannabis San Pedro Garza Garc\u00eda, productos de marihuana San Pedro, comprar marihuana San Pedro Garza Garc\u00eda, aceite de CBD San Pedro, flores de marihuana San Pedro Garza Garc\u00eda, tiendas de marihuana San Pedro, venta de marihuana San Pedro, cannabis medicinal San Pedro Garza Garc\u00eda, productos [&hellip;]<\/p>\n","protected":false},"author":1,"featured_media":0,"parent":0,"menu_order":0,"comment_status":"closed","ping_status":"closed","template":"","meta":{"footnotes":""},"class_list":["post-31","page","type-page","status-publish","hentry"],"yoast_head":"<!-- This site is optimized with the Yoast SEO plugin v27.6 - https:\/\/yoast.com\/product\/yoast-seo-wordpress\/ -->\n<title>metatags1 - Comprar LSD Avatares en Monterrey Nuevo Leon, Rapido, Seguro y en Mano -+528132769756 whatsapp<\/title>\n<meta name=\"robots\" content=\"index, follow, max-snippet:-1, max-image-preview:large, max-video-preview:-1\" \/>\n<link rel=\"canonical\" href=\"https:\/\/comprarlsdmonterrey.com\/index.php\/metatags1\/\" \/>\n<meta property=\"og:locale\" content=\"en_US\" \/>\n<meta property=\"og:type\" content=\"article\" \/>\n<meta property=\"og:title\" content=\"metatags1 - Comprar LSD Avatares en Monterrey Nuevo Leon, Rapido, Seguro y en Mano -+528132769756 whatsapp\" \/>\n<meta property=\"og:description\" content=\"San Pedro Garza Garc\u00eda marihuana, marihuana San Pedro Garza Garc\u00eda, cannabis San Pedro Garza Garc\u00eda, productos de marihuana San Pedro, comprar marihuana San Pedro Garza Garc\u00eda, aceite de CBD San Pedro, flores de marihuana San Pedro Garza Garc\u00eda, tiendas de marihuana San Pedro, venta de marihuana San Pedro, cannabis medicinal San Pedro Garza Garc\u00eda, productos [&hellip;]\" \/>\n<meta property=\"og:url\" content=\"https:\/\/comprarlsdmonterrey.com\/index.php\/metatags1\/\" \/>\n<meta property=\"og:site_name\" content=\"Comprar LSD Avatares en Monterrey Nuevo Leon, Rapido, Seguro y en Mano -+528132769756 whatsapp\" \/>\n<meta name=\"twitter:card\" content=\"summary_large_image\" \/>\n<script type=\"application\/ld+json\" class=\"yoast-schema-graph\">{\"@context\":\"https:\\\/\\\/schema.org\",\"@graph\":[{\"@type\":\"WebPage\",\"@id\":\"https:\\\/\\\/comprarlsdmonterrey.com\\\/index.php\\\/metatags1\\\/\",\"url\":\"https:\\\/\\\/comprarlsdmonterrey.com\\\/index.php\\\/metatags1\\\/\",\"name\":\"metatags1 - Comprar LSD Avatares en Monterrey Nuevo Leon, Rapido, Seguro y en Mano -+528132769756 whatsapp\",\"isPartOf\":{\"@id\":\"https:\\\/\\\/comprarlsdmonterrey.com\\\/#website\"},\"datePublished\":\"2025-03-05T16:18:53+00:00\",\"breadcrumb\":{\"@id\":\"https:\\\/\\\/comprarlsdmonterrey.com\\\/index.php\\\/metatags1\\\/#breadcrumb\"},\"inLanguage\":\"en-US\",\"potentialAction\":[{\"@type\":\"ReadAction\",\"target\":[\"https:\\\/\\\/comprarlsdmonterrey.com\\\/index.php\\\/metatags1\\\/\"]}]},{\"@type\":\"BreadcrumbList\",\"@id\":\"https:\\\/\\\/comprarlsdmonterrey.com\\\/index.php\\\/metatags1\\\/#breadcrumb\",\"itemListElement\":[{\"@type\":\"ListItem\",\"position\":1,\"name\":\"Home\",\"item\":\"https:\\\/\\\/comprarlsdmonterrey.com\\\/\"},{\"@type\":\"ListItem\",\"position\":2,\"name\":\"metatags1\"}]},{\"@type\":\"WebSite\",\"@id\":\"https:\\\/\\\/comprarlsdmonterrey.com\\\/#website\",\"url\":\"https:\\\/\\\/comprarlsdmonterrey.com\\\/\",\"name\":\"Comprar Avatares en Monterrey Nuevo Leon Rapido\",\"description\":\"Entregas en mano en monterrey nuevo leon y envios a toda la republica +528132769756 whatsapp\",\"publisher\":{\"@id\":\"https:\\\/\\\/comprarlsdmonterrey.com\\\/#organization\"},\"potentialAction\":[{\"@type\":\"SearchAction\",\"target\":{\"@type\":\"EntryPoint\",\"urlTemplate\":\"https:\\\/\\\/comprarlsdmonterrey.com\\\/?s={search_term_string}\"},\"query-input\":{\"@type\":\"PropertyValueSpecification\",\"valueRequired\":true,\"valueName\":\"search_term_string\"}}],\"inLanguage\":\"en-US\"},{\"@type\":\"Organization\",\"@id\":\"https:\\\/\\\/comprarlsdmonterrey.com\\\/#organization\",\"name\":\"Comprar Avatares en Monterrey Nuevo Leon Rapido\",\"url\":\"https:\\\/\\\/comprarlsdmonterrey.com\\\/\",\"logo\":{\"@type\":\"ImageObject\",\"inLanguage\":\"en-US\",\"@id\":\"https:\\\/\\\/comprarlsdmonterrey.com\\\/#\\\/schema\\\/logo\\\/image\\\/\",\"url\":\"https:\\\/\\\/comprarlsdmonterrey.com\\\/wp-content\\\/uploads\\\/2025\\\/03\\\/lv7dyhqsbrv31-300x300-1.jpg\",\"contentUrl\":\"https:\\\/\\\/comprarlsdmonterrey.com\\\/wp-content\\\/uploads\\\/2025\\\/03\\\/lv7dyhqsbrv31-300x300-1.jpg\",\"width\":300,\"height\":300,\"caption\":\"Comprar Avatares en Monterrey Nuevo Leon Rapido\"},\"image\":{\"@id\":\"https:\\\/\\\/comprarlsdmonterrey.com\\\/#\\\/schema\\\/logo\\\/image\\\/\"}}]}<\/script>\n<!-- \/ Yoast SEO plugin. -->","yoast_head_json":{"title":"metatags1 - Comprar LSD Avatares en Monterrey Nuevo Leon, Rapido, Seguro y en Mano -+528132769756 whatsapp","robots":{"index":"index","follow":"follow","max-snippet":"max-snippet:-1","max-image-preview":"max-image-preview:large","max-video-preview":"max-video-preview:-1"},"canonical":"https:\/\/comprarlsdmonterrey.com\/index.php\/metatags1\/","og_locale":"en_US","og_type":"article","og_title":"metatags1 - Comprar LSD Avatares en Monterrey Nuevo Leon, Rapido, Seguro y en Mano -+528132769756 whatsapp","og_description":"San Pedro Garza Garc\u00eda marihuana, marihuana San Pedro Garza Garc\u00eda, cannabis San Pedro Garza Garc\u00eda, productos de marihuana San Pedro, comprar marihuana San Pedro Garza Garc\u00eda, aceite de CBD San Pedro, flores de marihuana San Pedro Garza Garc\u00eda, tiendas de marihuana San Pedro, venta de marihuana San Pedro, cannabis medicinal San Pedro Garza Garc\u00eda, productos [&hellip;]","og_url":"https:\/\/comprarlsdmonterrey.com\/index.php\/metatags1\/","og_site_name":"Comprar LSD Avatares en Monterrey Nuevo Leon, Rapido, Seguro y en Mano -+528132769756 whatsapp","twitter_card":"summary_large_image","schema":{"@context":"https:\/\/schema.org","@graph":[{"@type":"WebPage","@id":"https:\/\/comprarlsdmonterrey.com\/index.php\/metatags1\/","url":"https:\/\/comprarlsdmonterrey.com\/index.php\/metatags1\/","name":"metatags1 - Comprar LSD Avatares en Monterrey Nuevo Leon, Rapido, Seguro y en Mano -+528132769756 whatsapp","isPartOf":{"@id":"https:\/\/comprarlsdmonterrey.com\/#website"},"datePublished":"2025-03-05T16:18:53+00:00","breadcrumb":{"@id":"https:\/\/comprarlsdmonterrey.com\/index.php\/metatags1\/#breadcrumb"},"inLanguage":"en-US","potentialAction":[{"@type":"ReadAction","target":["https:\/\/comprarlsdmonterrey.com\/index.php\/metatags1\/"]}]},{"@type":"BreadcrumbList","@id":"https:\/\/comprarlsdmonterrey.com\/index.php\/metatags1\/#breadcrumb","itemListElement":[{"@type":"ListItem","position":1,"name":"Home","item":"https:\/\/comprarlsdmonterrey.com\/"},{"@type":"ListItem","position":2,"name":"metatags1"}]},{"@type":"WebSite","@id":"https:\/\/comprarlsdmonterrey.com\/#website","url":"https:\/\/comprarlsdmonterrey.com\/","name":"Comprar Avatares en Monterrey Nuevo Leon Rapido","description":"Entregas en mano en monterrey nuevo leon y envios a toda la republica +528132769756 whatsapp","publisher":{"@id":"https:\/\/comprarlsdmonterrey.com\/#organization"},"potentialAction":[{"@type":"SearchAction","target":{"@type":"EntryPoint","urlTemplate":"https:\/\/comprarlsdmonterrey.com\/?s={search_term_string}"},"query-input":{"@type":"PropertyValueSpecification","valueRequired":true,"valueName":"search_term_string"}}],"inLanguage":"en-US"},{"@type":"Organization","@id":"https:\/\/comprarlsdmonterrey.com\/#organization","name":"Comprar Avatares en Monterrey Nuevo Leon Rapido","url":"https:\/\/comprarlsdmonterrey.com\/","logo":{"@type":"ImageObject","inLanguage":"en-US","@id":"https:\/\/comprarlsdmonterrey.com\/#\/schema\/logo\/image\/","url":"https:\/\/comprarlsdmonterrey.com\/wp-content\/uploads\/2025\/03\/lv7dyhqsbrv31-300x300-1.jpg","contentUrl":"https:\/\/comprarlsdmonterrey.com\/wp-content\/uploads\/2025\/03\/lv7dyhqsbrv31-300x300-1.jpg","width":300,"height":300,"caption":"Comprar Avatares en Monterrey Nuevo Leon Rapido"},"image":{"@id":"https:\/\/comprarlsdmonterrey.com\/#\/schema\/logo\/image\/"}}]}},"_links":{"self":[{"href":"https:\/\/comprarlsdmonterrey.com\/index.php\/wp-json\/wp\/v2\/pages\/31","targetHints":{"allow":["GET"]}}],"collection":[{"href":"https:\/\/comprarlsdmonterrey.com\/index.php\/wp-json\/wp\/v2\/pages"}],"about":[{"href":"https:\/\/comprarlsdmonterrey.com\/index.php\/wp-json\/wp\/v2\/types\/page"}],"author":[{"embeddable":true,"href":"https:\/\/comprarlsdmonterrey.com\/index.php\/wp-json\/wp\/v2\/users\/1"}],"replies":[{"embeddable":true,"href":"https:\/\/comprarlsdmonterrey.com\/index.php\/wp-json\/wp\/v2\/comments?post=31"}],"version-history":[{"count":1,"href":"https:\/\/comprarlsdmonterrey.com\/index.php\/wp-json\/wp\/v2\/pages\/31\/revisions"}],"predecessor-version":[{"id":32,"href":"https:\/\/comprarlsdmonterrey.com\/index.php\/wp-json\/wp\/v2\/pages\/31\/revisions\/32"}],"wp:attachment":[{"href":"https:\/\/comprarlsdmonterrey.com\/index.php\/wp-json\/wp\/v2\/media?parent=31"}],"curies":[{"name":"wp","href":"https:\/\/api.w.org\/{rel}","templated":true}]}}